{"id":92,"date":"2022-11-14T13:00:21","date_gmt":"2022-11-14T13:00:21","guid":{"rendered":"https:\/\/koprotec.shop\/?product=hm-saegeblatt-z132-d550x40x30-mm"},"modified":"2022-11-14T15:18:50","modified_gmt":"2022-11-14T15:18:50","slug":"hm-saegeblatt-z132-d550x40x30-mm","status":"publish","type":"product","link":"https:\/\/koprotec.shop\/?product=hm-saegeblatt-z132-d550x40x30-mm","title":{"rendered":"Gebraucht &#8211; HM-S\u00e4geblatt Z=132 D=550&#215;4,0x30 mm"},"content":{"rendered":"<p>HM-S\u00e4geblatt D=550 Zahnbr.= 4,4 d=30 mm Z=110 pos. (f\u00fcr Kunststoff und Aluminium)<\/p>\n<p>Gebraucht &#8211; sehr guter Zustand<\/p>\n","protected":false},"excerpt":{"rendered":"<p>HM-S\u00e4geblatt Z=132 D=550&#215;4,0x30 mm<\/p>\n","protected":false},"featured_media":61,"template":"","meta":[],"product_cat":[44,18],"product_tag":[],"_links":{"self":[{"href":"https:\/\/koprotec.shop\/index.php?rest_route=\/wp\/v2\/product\/92"}],"collection":[{"href":"https:\/\/koprotec.shop\/index.php?rest_route=\/wp\/v2\/product"}],"about":[{"href":"https:\/\/koprotec.shop\/index.php?rest_route=\/wp\/v2\/types\/product"}],"wp:featuredmedia":[{"embeddable":true,"href":"https:\/\/koprotec.shop\/index.php?rest_route=\/wp\/v2\/media\/61"}],"wp:attachment":[{"href":"https:\/\/koprotec.shop\/index.php?rest_route=%2Fwp%2Fv2%2Fmedia&parent=92"}],"wp:term":[{"taxonomy":"product_cat","embeddable":true,"href":"https:\/\/koprotec.shop\/index.php?rest_route=%2Fwp%2Fv2%2Fproduct_cat&post=92"},{"taxonomy":"product_tag","embeddable":true,"href":"https:\/\/koprotec.shop\/index.php?rest_route=%2Fwp%2Fv2%2Fproduct_tag&post=92"}],"curies":[{"name":"wp","href":"https:\/\/api.w.org\/{rel}","templated":true}]}}