{"id":398,"date":"2023-01-20T14:31:00","date_gmt":"2023-01-20T14:31:00","guid":{"rendered":"https:\/\/koprotec.shop\/?post_type=product&#038;p=398"},"modified":"2023-01-24T12:26:18","modified_gmt":"2023-01-24T12:26:18","slug":"einzahnfraeser-vhm6x16-70-mm-s-6-spiegelschliff","status":"publish","type":"product","link":"https:\/\/koprotec.shop\/?product=einzahnfraeser-vhm6x16-70-mm-s-6-spiegelschliff","title":{"rendered":"Einzahnfr\u00e4ser VHM\t6&#215;16\/70 mm S-6 &#8211; Spiegelschliff &#8211;"},"content":{"rendered":"<p>Einzahnfr\u00e4ser VHM &#8211; Spiegelschliff<\/p>\n<p>Durchmesser: 6 mm<\/p>\n<p>Schnittl\u00e4nge: 16 mm<\/p>\n<p>Gesamtl\u00e4nge: 70 mm<\/p>\n<p>Schaft: 6 mm<\/p>\n","protected":false},"excerpt":{"rendered":"<p>Einzahnfr\u00e4ser VHM &#8211; Spiegelschliff Durchmesser: 6 mm Schnittl\u00e4nge: 16 mm Gesamtl\u00e4nge: 70 mm Schaft: 6 mm<\/p>\n","protected":false},"featured_media":0,"template":"","meta":[],"product_cat":[28,18],"product_tag":[],"_links":{"self":[{"href":"https:\/\/koprotec.shop\/index.php?rest_route=\/wp\/v2\/product\/398"}],"collection":[{"href":"https:\/\/koprotec.shop\/index.php?rest_route=\/wp\/v2\/product"}],"about":[{"href":"https:\/\/koprotec.shop\/index.php?rest_route=\/wp\/v2\/types\/product"}],"wp:attachment":[{"href":"https:\/\/koprotec.shop\/index.php?rest_route=%2Fwp%2Fv2%2Fmedia&parent=398"}],"wp:term":[{"taxonomy":"product_cat","embeddable":true,"href":"https:\/\/koprotec.shop\/index.php?rest_route=%2Fwp%2Fv2%2Fproduct_cat&post=398"},{"taxonomy":"product_tag","embeddable":true,"href":"https:\/\/koprotec.shop\/index.php?rest_route=%2Fwp%2Fv2%2Fproduct_tag&post=398"}],"curies":[{"name":"wp","href":"https:\/\/api.w.org\/{rel}","templated":true}]}}